 What are the prime factors of n?
3, 277
Suppose v - 2644 = -5*c + 490, 3*c - v - 1874 = 0. List the prime factors of c.
2, 313
Let d = 2404 + 2340. List the prime factors of d.
2, 593
Let k = 53 - 129. Let n = 22 + k. Let t = -37 - n. What are the prime factors of t?
17
Let w(n) = -11*n**3 + 21*n**2 - n + 14. Let y = -14 - -27. Let o(i) = 5*i**3 - 10*i**2 - 7. Let u(p) = y*o(p) + 6*w(p). List the prime factors of u(-3).
2
Let i(p) = -40*p**2 - p. Let y be i(-1). Let f = 56 + y. Suppose -2*n = 4*d - 46, -5*n + 8 = d - f. What are the prime factors of d?
2, 5
List the prime factors of (867/(-6))/(18/(-36)).
17
Let p(a) = 5*a**3 - 5*a**2 - 2*a - 13. What are the prime factors of p(5)?
3, 53
Let k(l) = l**2 - 3. Suppose -2*a = 3*a + 4*c + 30, 3*a + 5*c = -18. Let f = 9 + a. List the prime factors of k(f).
2, 3
Let a be 0/(-2) - -6 - (-17 - -19). List the prime factors of (-10)/a*((-602)/5)/7.
43
Let u = -200 - -129. Let m = -1047 - -1013. Let c = m - u. What are the prime factors of c?
37
Suppose 0 = 2*m - 5 + 1. Suppose s - 5 = -3*o - 2, 0 = 5*s. What are the prime factors of o/m + 250/4?
3, 7
What are the prime factors of 3464/7 - 2/56*-4?
3, 5, 11
Suppose 0 = 24*d - 40676 + 14780. What are the prime factors of d?
13, 83
Let p = -1405 + 2005. What are the prime factors of p?
2, 3, 5
Let n = 29 - 27. Suppose n*h - 30 = 90. What are the prime factors of h?
2, 3, 5
Let k = 77 + -73. What are the prime factors of k + (-336)/(-4) + -2?
2, 43
Let z(h) = -h**3 + 31*h**2 + 26*h - 306. What are the prime factors of z(29)?
2, 3, 5, 71
Let a(q) = -1 + 3 - 3 + 74*q - 2. What are the prime factors of a(1)?
71
Suppose -2*w + l = -5, 3*l - 5 = -2*w - 2*w. Suppose -2*c + 2*d = -27 - 347, 377 = w*c - 5*d. Suppose -4*x + 10*x = c. What are the prime factors of x?
31
Let r be (0 - 0)/(-4) - -3. Suppose -2 = -0*z - z - 4*g, r*g = -6. What are the prime factors of 66/15 - (-6)/z?
5
Let x = 62 + -60. Suppose 0 = -x*c - w + 196, 0*c + 3*c - 295 = -2*w. List the prime factors of c.
97
Let k be (36/8)/((-3)/(-4)). Suppose 3*x - x = k. Suppose -x*m + 12 = -0. What are the prime factors of m?
2
Let i(g) be the second derivative of 13*g**3/3 + 11*g**2/2 + 43*g. List the prime factors of i(3).
89
Let r = 1966 + -1263. What are the prime factors of r?
19, 37
Let z be -3*1*(-2 - 0). Suppose 0 = -5*u + z*u - 56. What are the prime factors of u?
2, 7
Suppose 8*h + 35 = h. What are the prime factors of 1186/10 + 3/h?
2, 59
Let r be (-2 - (-8)/12)*-3. Suppose f - 243 = -r*j + 3, -3*f = j - 56. What are the prime factors of j?
2, 31
What are the prime factors of (6/(-5))/(30/(-50950))?
2, 1019
Let y(m) = m**3 - 2*m**2 - 6*m - 7. Let g be y(6). Let h(d) = -d**3 - 11*d**2 - 9*d - 28. Let s be h(-10). Let i = s + g. What are the prime factors of i?
3, 7
Let v(k) = k**3. Let r be v(0). Suppose r = -q - q. Suppose -4*s - 4*d = -48, -5*s - d = -q*s - 72. What are the prime factors of s?
3, 5
Suppose 5*p - 916 = 204. List the prime factors of p.
2, 7
Let a(v) = 424*v - 62. What are the prime factors of a(5)?
2, 3, 7
Let m(v) = v**3 + 15*v**2 - 7*v - 37. What are the prime factors of m(-13)?
2, 7
Let g(f) = -f**3 - 40*f**2 + 24*f + 5. List the prime factors of g(-41).
2, 3, 13
Let a be -1*(-4 + 12) + -4. Let n be ((-296)/a)/((-3)/9). What are the prime factors of (-12)/(-20) - n/10?
2
Let m(t) = 2311*t - 13. Let i be m(3). Suppose 12*a - i = -8*a. What are the prime factors of a?
2, 173
Let l be (-73 - -1)*(-8)/(-12). Let f = l - -116. List the prime factors of f.
2, 17
Suppose -5*a + 2*i = -2785, 0 = -9*i + 8*i. List the prime factors of a.
557
Let x be ((-45)/(-60))/(1/(-52)). Let o(w) = 12*w + 2. Let n be o(-6). Let b = x - n. What are the prime factors of b?
31
Suppose 4*f = q - f - 1848, -3*q = -4*f - 5489. What are the prime factors of q?
1823
Let h = 15 - 17. Let l be (-28)/7*1/h. Suppose -4*d + 59 = 5*y, -2*d - l = 5*y - 39. What are the prime factors of d?
11
Let f(t) = -29 + t + t - 2*t**2 + 35 + t**2. Let d be f(-3). Let k = d + 22. What are the prime factors of k?
13
Suppose -3*p - p - 4 = 0. Let h be (384/72)/(p/(-12)). Let u = h - 37. What are the prime factors of u?
3
Let l(f) = 31*f - 17. Let g be 1 + 11 - (0 + 0). Let z be l(g). Suppose -4*j + z = j. What are the prime factors of j?
71
Let g = -70 + 75. Suppose 0 = g*s - 46 - 434. What are the prime factors of s?
2, 3
Let a(j) = 3*j**2 + 55*j - 50. List the prime factors of a(-25).
2, 3, 5
Let y be 1/(3/(-228)*-4). Let l = 20 + y. What are the prime factors of l?
3, 13
Let k = -213 - -257. List the prime factors of k.
2, 11
Suppose -5*o + 8*f = 3*f - 50, 3*o = f + 20. Let h(d) = 2*d**2 + 2*d + 2. Let n be h(o). Suppose 0 = 5*b - n - 78. What are the prime factors of b?
2, 7
Suppose -5*r + 30 = -k, -r + 25 = 3*r - k. Suppose -172 = -2*o + 4*q, -6*o + r*q + 435 = -o. List the prime factors of o.
2, 11
Let p = 255 + -202. List the prime factors of p.
53
Let y = -3396 - -8428. List the prime factors of y.
2, 17, 37
Let a(w) = -w + 3*w + 5*w - w**3 + 2*w**3 + 5 + 7*w**2. Let i(t) = -t**3 - 3*t**2 + 2*t + 1. Let h be i(-3). What are the prime factors of a(h)?
2, 5
Suppose 0*x + 66 = 3*x. Let d(w) = -w - 20. Let q be d(-32). Suppose x = q*h - 10*h. List the prime factors of h.
11
Let y = 6 - -478. List the prime factors of y.
2, 11
Let i(x) = x**3 - 15*x**2 + 14*x + 15. Let j be i(14). Suppose -j*k = -12*k - 147. List the prime factors of k.
7
Let a be ((-6)/8)/(9/(-24)). Suppose 0 = -2*c - 2*c - 5*k + 158, -k = a*c - 82. List the prime factors of c.
2, 3, 7
Let x be (-1 - 0)*-2*2/(-4). Let n(h) = -40*h**3 - 2*h - 1. List the prime factors of n(x).
41
Suppose 82*n = 86*n. Suppose 3*p + 3*v - 393 = n, -v - 141 = -p - 0*v. List the prime factors of p.
2, 17
Let t(y) = 5*y**3 + 7*y**2 - 7*y + 6. Let d be t(4). Let i = 280 - d. What are the prime factors of ((-16)/(-20))/((-4)/i)?
2, 13
Let y(v) be the third derivative of v**6/120 + 13*v**5/60 + v**4/8 + 13*v**3/6 - v**2 + 1. What are the prime factors of y(-11)?
2, 3, 37
Let j(v) = -2133*v**3 + 2*v**2 + 3*v + 3. What are the prime factors of j(-1)?
5, 7, 61
Let d = 6 + 19. Let c be (-8 + 10)/((-4)/(-6)). Suppose d = c*q - 23. List the prime factors of q.
2
Let q(k) = -4*k**3 + 6*k**2 + 6*k + 1. Let g(h) = h**3 - 1. Let m(z) = -5*g(z) - q(z). Let p be m(-6). Let t = -17 + p. List the prime factors of t.
23
Let h = 895 + -444. List the prime factors of h.
11, 41
Let s be ((-498)/15)/((9/75)/(-3)). Suppose -2*h + 5*y = -568, -5*h + s = -2*h - 2*y. What are the prime factors of h?
2, 137
Suppose 2*j + 2*g = 5924, -4*g + 39 = 31. List the prime factors of j.
2, 5, 37
Let b be (1 - -2)/((-21)/(-602)). Let n = -1 + b. List the prime factors of n.
5, 17
Suppose 24*a - 49082 = a. What are the prime factors of a?
2, 11, 97
Suppose -o = -4*a - 728, -3735 = 25*o - 30*o + a. What are the prime factors of o?
2, 11, 17
Suppose -112 = -j - 106. Suppose -5*r + 12 = -j*p + 5*p, 18 = 5*r - 4*p. List the prime factors of r.
2
Suppose -172276 + 4887 = -73*t. List the prime factors of t.
2293
Let t = 234 - -33. Suppose -4*c + t = 3*s, 0*s + 2*c = -4*s + 366. List the prime factors of s.
3, 31
Suppose 15*h - 30*h = -10410. What are the prime factors of h?
2, 347
Suppose -6*k + 4 = -5*k, -5*w = 3*k + 23. Let v = w + 3. What are the prime factors of (-1 + 9)*(v + 5)?
2
Let u = 7 - 3. Suppose 5 + 3 = -u*k. What are the prime factors of 44/2 + 2/k?
3, 7
Suppose 0 = 5*h + 34 - 9. Let u(m) = 5*m**2 - 3*m - 16. What are the prime factors of u(h)?
2, 31
Let x = -30 + 2. What are the prime factors of (3 - x/12)*24?
2
Let y = -1884 - -4262. List the prime factors of y.
2, 29, 41
Let q(n) = 525*n**2. What are the prime factors of q(1)?
3, 5, 7
Suppose -42*o = -78*o + 21348. What are the prime factors of o?
593
Suppose -2*t = 7 + 1. What are the prime factors of 79/((-3 - 22/(-8))*t)?
79
Let m(t) = -19*t - 12 + 6*t + t. List the prime factors of m(-6).
2, 3, 5
List the prime factors of 34269/21 - -1 - (-3)/21.
23, 71
Suppose 6*l - 19*l + 6565 = 0. List the prime factors of l.
5, 101
Suppose 3*t - 5*t - 2*r + 14 = 0, 2*t - 19 = -r. Let w = -50 + t. What are the prime factors of -3 + (4/(-4) - w)?
2, 17
Suppose 2*g + 4 - 10 = 0. Let p(n) = -4*n - 7*n - 5*n**2 + 4*n - 2*n**3 - g. List the prime factors of p(-4).
